d by 883?
122
Calculate the remainder when 3932 is divided by 280.
12
Calculate the remainder when 55689 is divided by 1796.
13
Calculate the remainder when 2966 is divided by 33.
29
Calculate the remainder when 4743 is divided by 24.
15
What is the remainder when 2828093 is divided by 15?
8
Calculate the remainder when 101059 is divided by 169.
166
Calculate the remainder when 5627 is divided by 24.
11
What is the remainder when 4930 is divided by 5?
0
What is the remainder when 5762 is divided by 1682?
716
What is the remainder when 1126 is divided by 74?
16
Calculate the remainder when 3220 is divided by 549.
475
Calculate the remainder when 4193 is divided by 1327.
212
What is the remainder when 488878 is divided by 45?
43
Calculate the remainder when 251702 is divided by 957.
11
What is the remainder when 558806 is divided by 32?
22
What is the remainder when 1820415 is divided by 16?
15
Calculate the remainder when 746 is divided by 543.
203
Calculate the remainder when 4067634 is divided by 11.
10
Calculate the remainder when 75561 is divided by 37775.
11
What is the remainder when 92720 is divided by 6?
2
Calculate the remainder when 57841 is divided by 27.
7
Calculate the remainder when 723289 is divided by 198.
193
What is the remainder when 9044 is divided by 24?
20
What is the remainder when 1986 is divided by 62?
2
What is the remainder when 16757 is divided by 275?
257
What is the remainder when 26972 is divided by 161?
85
Calculate the remainder when 28540 is divided by 78.
70
Calculate the remainder when 145175 is divided by 820.
35
Calculate the remainder when 125522 is divided by 22.
12
Calculate the remainder when 284753 is divided by 244.
5
Calculate the remainder when 722 is divided by 79.
11
Calculate the remainder when 1134 is divided by 515.
104
What is the remainder when 59296 is divided by 5926?
36
Calculate the remainder when 31605 is divided by 280.
245
Calculate the remainder when 7790 is divided by 1295.
20
What is the remainder when 9488 is divided by 10?
8
Calculate the remainder when 845 is divided by 88.
53
Calculate the remainder when 5411 is divided by 1075.
36
Calculate the remainder when 97747 is divided by 125.
122
What is the remainder when 3565 is divided by 1179?
28
What is the remainder when 5929 is divided by 1971?
16
Calculate the remainder when 29518 is divided by 53.
50
Calculate the remainder when 604726 is divided by 37.
35
Calculate the remainder when 129546 is divided by 43181.
3
Calculate the remainder when 60498 is divided by 931.
914
What is the remainder when 45659 is divided by 173?
160
Calculate the remainder when 4406 is divided by 295.
276
What is the remainder when 30727 is divided by 2540?
247
Calculate the remainder when 3757 is divided by 3737.
20
What is the remainder when 8424 is divided by 602?
598
What is the remainder when 1249488 is divided by 5758?
2
Calculate the remainder when 38860 is divided by 38848.
12
Calculate the remainder when 19322 is divided by 9507.
308
What is the remainder when 8625 is divided by 135?
120
What is the remainder when 3570 is divided by 155?
5
Calculate the remainder when 31094 is divided by 539.
371
Calculate the remainder when 27233 is divided by 11.
8
What is the remainder when 323662 is divided by 11?
9
What is the remainder when 26860 is divided by 80?
60
What is the remainder when 230976 is divided by 562?
556
Calculate the remainder when 2614 is divided by 116.
62
What is the remainder when 12892 is divided by 97?
88
What is the remainder when 131889 is divided by 38?
29
What is the remainder when 344402 is divided by 288?
242
What is the remainder when 10248 is divided by 486?
42
What is the remainder when 102075 is divided by 34?
7
Calculate the remainder when 580601 is divided by 504.
497
What is the remainder when 277889 is divided by 314?
313
What is the remainder when 477577 is divided by 13?
9
Calculate the remainder when 286373 is divided by 76.
5
What is the remainder when 14198 is divided by 3547?
10
Calculate the remainder when 7720 is divided by 22.
20
What is the remainder when 8180 is divided by 1356?
44
What is the remainder when 24734 is divided by 62?
58
Calculate the remainder when 27829 is divided by 46.
45
Calculate the remainder when 52785 is divided by 212.
209
What is the remainder when 890963 is divided by 57?
53
What is the remainder when 777930 is divided by 86436?
6
What is the remainder when 577 is divided by 32?
1
What is the remainder when 6421 is divided by 2121?
58
Calculate the remainder when 60560 is divided by 98.
94
What is the remainder when 30613 is divided by 10201?
10
Calculate the remainder when 3649 is divided by 490.
219
Calculate the remainder when 754228 is divided by 930.
928
What is the remainder when 29867 is divided by 1493?
7
What is the remainder when 66421 is divided by 4151?
5
Calculate the remainder when 3661 is divided by 2898.
763
What is the remainder when 44849 is divided by 69?
68
Calculate the remainder when 4538 is divided by 549.
146
What is the remainder when 3813 is divided by 380?
13
Calculate the remainder when 147581 is divided by 128.
125
What is the remainder when 2225 is divided by 561?
542
Calculate the remainder when 246783 is divided by 246778.
5
What is the remainder when 35014 is divided by 875?
14
What is the remainder when 29418 is divided by 246?
144
Calculate the remainder when 44337 is divided by 12.
9
Calculate the remainder when 169681 is divided by 16.
1
What is the remainder when 7471937 is divided by 258?
257
What is the remainder when 4673 is divided by 363?
317
What is the remainder when 820 is divided by 19?
3
Calculate the remainder when 315794 is divided by 555.
554
What is the remainder when 22359 is divided by 681?
567
What is the remainder when 14897 is divided by 634?
315
Calculate the remainder when 64875 is divided by 115.
15
What is the remainder when 27013 is divided by 10?
3
What is the remainder when 13459 is divided by 68?
63
Calculate the remainder when 674697 is divided by 130.
127
Calculate the remainder when 1318 is divided by 838.
480
Calculate the remainder when 28055 is divided by 420.
335
What is the remainder when 191 is divided by 86?
19
What is the remainder when 8836 is divided by 555?
511
Calculate the remainder when 1544 is divided by 103.
102
What is the remainder when 6784 is divided by 1978?
850
What is the remainder when 98514 is divided by 86?
44
Calculate the remainder when 1255184 is divided by 15.
14
What is the remainder when 244482 is divided by 92?
38
What is the remainder when 147514 is divided by 443?
438
What is the remainder when 106273 is divided by 51?
40
What is the remainder when 19578 is divided by 135?
3
What is the remainder when 997 is divided by 247?
9
Calculate the remainder when 172757 is divided by 36.
29
Calculate the remainder when 6750 is divided by 1678.
38
Calculate the remainder when 469410 is divided by 469401.
9
Calculate the remainder when 74184 is divided by 7.
5
Calculate the remainder when 2633 is divided by 333.
302
Calculate the remainder when 3769 is divided by 163.
20
Calculate the remainder when 4322 is divided by 835.
147
Calculate the remainder when 160002 is divided by 139.
13
What is the remainder when 3765 is divided by 200?
165
Calculate the remainder when 53591 is divided by 319.
318
What is the remainder when 1372215 is divided by 24?
15
Calculate the remainder when 926896 is divided by 761.
759
Calculate the remainder when 15398 is divided by 642.
632
Calculate the remainder when 2713 is divided by 151.
146
Calculate the remainder when 180408 is divided by 90204.
0
Calculate the remainder when 21988 is divided by 449.
436
Calculate the remainder when 39327 is divided by 689.
54
What is the remainder when 1548 is divided by 54?
36
What is the remainder when 8275 is divided by 305?
40
What is the remainder when 57897 is divided by 1413?
1377
What is the remainder when 14244 is divided by 385?
384
Calculate the remainder when 2279 is divided by 505.
259
What is the remainder when 711561 is divided by 788?
785
Calculate the remainder when 6682 is divided by 142.
8
Calculate the remainder when 2427 is divided by 621.
564
Calculate the remainder when 541902 is divided by 7.
4